3*y(c). Give t(6).
30
Let x(c) = -31 + 4411*c - 34 - 4415*c. What is x(-20)?
15
Let a(b) = 265*b + 1596. Let l be a(-6). Let u(z) = 26*z - 178. Calculate u(l).
-22
Let l(p) = 14*p**3 - 7*p**2 - 9*p + 5. Let a(u) = 12*u**3 - 5*u**2 - 8*u + 4. Let w(q) = -5*a(q) + 4*l(q). Determine w(1).
-3
Let u(w) = w + 3. Suppose 10 - 13 = g. Let x be ((-455)/21)/5 + (-1)/g. Let q be (1 - 0)/(x + 30/8). Give u(q).
-1
Suppose 19 = d + 4. Suppose p - 3*r + 16 = 0, -4*p + 4*r = d + 9. Let y(h) be the second derivative of 11*h**5/20 + h**4/12 + h**3/6 - h. What is y(p)?
-11
Let m(y) = 24*y**2 + y + 1. Let t = 495 + -494. Let v be (-5 - (-7 + t + 0))/(-1). Determine m(v).
24
Let d(s) = -18*s - 159. Let h be (-3)/12 + (-17)/(-20) + 192/(-20). Determine d(h).
3
Suppose 0 = -229*m + 1063 + 1116 - 118. Let n(d) = d**3 - 10*d**2 + 8*d + 3. What is n(m)?
-6
Let f be (-1)/2*-16*(-2)/(-4). Let a(j) = f*j**3 - 2*j**2 + 170*j - 173*j + 1 - 3*j**3 + 3. Give a(3).
4
Let d(g) = 4*g**2 - 3. Let m(k) = 9*k**2 - k - 7. Let z(a) = -5*d(a) + 2*m(a). Let h be 2/(-3) - (-6 + (-104)/(-24)). Calculate z(h).
-3
Let x(u) be the second derivative of u**2 - 6 + 1/2*u**3 - 1/12*u**4 - u. Give x(3).
2
Let z(v) = -29*v - 2643. Let c(b) = -10*b - 926. Let u(p) = 17*c(p) - 6*z(p). Calculate u(-27).
8
Let v(c) be the third derivative of c**6/120 + c**5/5 - 5*c**4/12 + c**3/6 + 525*c**2. Give v(-13).
-38
Suppose 0 = 8*f - 9*f - 3*g + 3, 4*g = -4*f + 4. Let k(d) = d**3 - 2*d**2 + 5*d - 4. Let v be k(f). Let m(j) = 2*j**2 + 6*j - 1. Give m(v).
7
Let z(n) = -2*n**3 - 5*n**2 + n - 1. Let j(a) = 3*a**3 + 10*a**2 - 2*a + 1. Let k(g) = -4*j(g) - 7*z(g). Let d(s) = s**2 - 3*s - 15. Let r be d(-3). Give k(r).
15
Suppose -5*w + 78 = 2*w + 57. Let b(u) = 2*u**2 - 6*u - 3. Calculate b(w).
-3
Let u(t) = t**3 + 5*t**2 - 10*t - 14. Let c be 4/(-30) + (-221)/30 - (-12)/8. Give u(c).
10
Suppose 13 = -29*z + 100. Let l(a) = -40*a - z + 92*a - 51*a. Suppose 2*j = j + 5. What is l(j)?
2
Let t(f) = f**3 + 9*f**2 + 2*f - 43. Let r be -4 + 40/15 + (-40)/6. Let l be t(r). Let w(h) = h + 1. Let a(j) = 3*j + 2. Let n(z) = 2*a(z) - 5*w(z). Give n(l).
4
Let j be ((-6)/5)/((-2)/(-10)). Suppose 12*a = 14*a - 294. Let c(f) = a*f - 72*f - 74*f + 7. What is c(j)?
1
Let g(u) = 58*u**3 + 109*u**2 - 54*u**2 - 11 - 57*u**3 - 60*u**2. Give g(5).
-11
Suppose -5*l + 9 + 1 = 0. Let y(c) = 21*c**3 - 3*c**2 + 6*c + 1. Let k(d) = 74*d**3 - 10*d**2 + 20*d + 3. Let r(n) = -2*k(n) + 7*y(n). Determine r(l).
-7
Let g(a) = -a**2 - 7*a - 5. Let i(b) = 14*b - 12. Let j be i(15). Let h = j + -203. What is g(h)?
5
Let g(w) = -7*w**2 - w + 6. Let a = -996 + 996. Give g(a).
6
Let a(g) be the first derivative of -g**2/2 + 9*g + 2. Let q(k) = 5*k**2 + k - 4. Let f be q(-3). Suppose b = 5*o - f, b + 22 = 3*o - 0*o. Determine a(o).
1
Let y be -1 + (1 + 3)*-1. Let x(a) be the third derivative of -a**6/120 - a**5/12 + a**4/24 + 2*a**3/3 - 1362*a**2 + 3*a. Determine x(y).
-1
Let y(z) = 9*z + 2. Let j be (-18)/(-33) + 48/33. Suppose 4 = 2*b + 12, 16 = -j*a - 2*b. Determine y(a).
-34
Let i(o) = -o**2 + 2*o + 3. Suppose 19*f = 4*k + 18*f - 3, 5*f = k - 34. What is i(k)?
0
Let y(z) be the third derivative of 0*z - 1 - 12*z**2 - 2/3*z**3 - 1/12*z**4. Determine y(5).
-14
Let b be 7 + (-1 + (-9)/(-6))*0. Suppose b*r = -0*r. Let c(y) be the second derivative of y**4/12 - y**3/6 - 6*y**2 - y. Calculate c(r).
-12
Let i(h) = 182*h + 2505 - 2538 + h**2 + 182*h - 379*h. What is i(14)?
-47
Let r(w) = -2*w**3. Let z be (-1)/5 - 174/30. Let h be 56/(-21) - 4/z. Let f = h + 0. Determine r(f).
16
Let d(v) = -2*v + 30. Suppose 4*w = 2*q - 22, 0 = -2*q + 3*w + 28 - 6. Give d(q).
8
Suppose -411*y + 410*y + 2*a - 15 = 0, -2*a - 12 = 2*y. Let q(c) = -2*c**2 - 13*c + 5. Give q(y).
-40
Let k be (-1)/(-3) + (-24)/(-9). Let i(n) = -n + 4*n**3 + k*n**2 + 3*n**3 - 6*n**3. Let r = 619404 - 619407. Calculate i(r).
3
Let g(j) = -11*j**2 + 30*j + 4. Let m(k) = -9*k**2 + 26*k + 5. Let q(t) = 5*g(t) - 6*m(t). What is q(-9)?
-37
Let j(x) be the first derivative of x**5/20 + x**4/6 - x**3/3 + x**2 - 210*x - 122. Let f(h) be the first derivative of j(h). Determine f(-3).
-1
Suppose 0 = 5*o - 14*o + 18. Suppose o*f + 3*w = -23 + 22, -w = 2*f + 3. Let t(k) = k**2 - 2. Determine t(f).
2
Let x be (0/(10 - 13))/2. Let p(f) = -2*f**3 + f**2 - f - 2. What is p(x)?
-2
Let h(m) = -10*m**3 + 2*m**2 + 9*m + 7. Suppose -2*u + 3*n - 14 = 0, 242*n - 16 = 238*n. What is h(u)?
10
Let x(u) = u**3 + 7*u**2 + u + 2. Suppose -t + 25 = z + 3*t, 2*t = 2*z. Suppose -195 - 37 = 3*i - 4*y, -z*y = -20. Let r = i - -65. What is x(r)?
-5
Let w(i) be the second derivative of -i**4/4 + 4*i**3/3 - i. Suppose 2*f - 195 = -187. Let u(h) = h**2 + 2*h. Let q(n) = f*u(n) - w(n). Give q(1).
7
Let i(n) = n**3 - 3*n**2 - 7*n + 7. Let u(s) = -94*s - 842. Let f be u(-9). Give i(f).
-5
Let w(s) = 9*s - 9. Let o(g) = 4*g - 4. Let h(i) = 5*o(i) - 2*w(i). Suppose -15*f + 27*f + 7 = 55. Give h(f).
6
Let k = -108 - -109. Let v(q) = q - 1. Let z(a) = -2*a + 15. Let t(y) = -y - 1. Let i(h) = -t(h) - z(h). Let n(w) = k*i(w) - 2*v(w). Calculate n(5).
-7
Let o be -7*(5 + -3 - 3). Let u be ((-3)/5)/(o/(-35)). Let g(h) be the second derivative of h**4/12 - 5*h**3/6 + h**2 - 10*h. Determine g(u).
-4
Let n(p) = 2*p - 4. Let u(b) be the third derivative of -b**5/60 + 7*b**4/12 + b**3 - 11*b**2. Let g be u(14). Suppose 3*m - m + g = 0. What is n(m)?
-10
Let l(x) = -2*x + 4. Suppose 3*k + 34 + 8 = 0. Let u = -12 - -19. Let n be (1 - -9)*u/k. Give l(n).
14
Suppose 0 = 2*y + 3*y - 40. Let f(b) = 2*b - 29. Let h be f(16). Let w(q) = q**2 - 6*q + 3*q**2 - q - 7 - h*q**2. Determine w(y).
1
Let m(k) = 2*k**2 - 2*k - 6. Let y be (45/9)/(-5)*3. Give m(y).
18
Let f be (2 - 3)*1 - -2. Let p(w) = 18*w**2 - 24*w - 7. Let d be p(7). Let i(b) = -1 - 708*b + 2 + b**2 + d*b - b**3. Calculate i(f).
0
Suppose 16*f + f - 32 = 172. Let r(t) = t - 9. Give r(f).
3
Let b(m) = -240 + 83*m - 253*m + 73*m + 88*m. Give b(-26).
-6
Suppose -29 + 616 = -72*m - 61. Let x(l) = -6*l**2 - 53*l - 4. Give x(m).
-13
Let i(j) = 11*j + j**2 - 3*j**2 + j**2 - 28 + 7. Suppose 6*u - 45 = u. Let q be i(u). Let c(z) = z**3 + 2*z**2 - 2*z + 4. What is c(q)?
1
Let p(b) = b + 1. Let u = 18 + -15. Let d be u/(-6) - 145/2. Let m = d + 70. What is p(m)?
-2
Let t = 1076 + -906. Let v(u) = 0*u + 56 + 60 - u - t + 52. Give v(-3).
1
Suppose -154*d = -285*d + 131. Let t(p) = 12*p**2 + 1. Calculate t(d).
13
Let j(t) = 3*t - 6*t - t - 1656 + 1662 + 5*t. Let p be (-5)/1*2/(-2). Suppose 4 = -p*z + q, -q - q = 3*z - 8. What is j(z)?
6
Let k(u) = -u + 23. Let p(b) = -53*b + 188. Let r(v) = 6*k(v) - p(v). Calculate r(1).
-3
Let g(w) = w**2 - 2*w - 4. Suppose 6*x + 280 = 376. Suppose -l - 13 = -x. Determine g(l).
-1
Let c(g) = 3*g + 22. Let y be 162/15 + -12 - (-8)/(-10). Let m(s) = s + 7. Let p(h) = y*c(h) + 7*m(h). Give p(0).
5
Let j(a) = 9*a + 1. Suppose -23 = -220*f - 10 - 13. What is j(f)?
1
Let c(a) = a**2 - a - 32. Suppose -2*b + 536 = -2*z - 64, 0 = 5*b - 2*z - 1500. Let f = b + -300. Calculate c(f).
-32
Let x(s) be the first derivative of 4*s**2 - 5/3*s**3 - 28 + 8*s. Let v(a) = 6*a**2 - 9*a - 10. Let r(q) = -4*v(q) - 5*x(q). Determine r(5).
5
Suppose -3*f + 133 = -65. Let j = -64 + f. Suppose 0 = j*q + 2*q - 16. Let l(v) = 2*v. Give l(q).
8
Suppose -24 = 4*h, -117*v - h = -115*v - 22. Let i(m) = m - 6. What is i(v)?
8
Let k(a) be the third derivative of a**6/120 - 9*a**4/8 + a**3 + 469*a**2. What is k(5)?
-4
Let f(a) = 6*a - 18. Let b(u) = 7*u - 19. Let i = 25 - -1. Suppose 9*o + 4*z = 4*o + i, -4*o = -z - 25. Let l(v) = o*f(v) - 5*b(v). Give l(11).
-2
Let c(k) = -11096069*k + 14 + 0 + 11096073*k. Let y = -12 - -8. Give c(y).
-2
Let k(i) be the third derivative of 1/24*i**4 + 0 + 0*i + 133*i**2 - i**3. Calculate k(7).
1
Let u(i) be the second derivative of -i**4/12 + i**3 - 5*i**2/2 + i. Let l = -20789 + 20794. Give u(l).
0
Let d = 0 - -6. Let z(v) = 6*v - v**3 + 5 - d*v + 0*v**3 - 6*v**2. Let g(i) = -6*i**2 - 39*i - 24. Let r be g(-6). What is z(r)?
5
Suppose h = 5*o - 2, -3*h - 6 = -o + 5*o. Let n = h - -5. Let u(v) = -2*v - v**3 + 29 - 7 - 19 + 3*v**3 - 4*v**2. Give u(n).
15
Let p = 16428 + -16428. Let w be 4 - (-1)/((-2)/4). Let c(t) = 5*t**2 + 0*t**2 + 4 - w*t**2 - 4*t**2. Determine c(p).
4
Let 